{"id":12,"date":"2014-08-31T13:20:52","date_gmt":"2014-08-31T11:20:52","guid":{"rendered":"http:\/\/n-f-b.net\/cms\/?page_id=12"},"modified":"2022-09-07T15:41:15","modified_gmt":"2022-09-07T13:41:15","slug":"familientherapie-pflege-adoption","status":"publish","type":"page","link":"https:\/\/n-f-b.net\/cms\/familientherapie-pflege-adoption\/","title":{"rendered":"Familientherapie im Rahmen von Pflege und Adoption"},"content":{"rendered":"<p>[et_pb_section fb_built=&#8220;1&#8243; admin_label=&#8220;section&#8220; _builder_version=&#8220;4.16&#8243; global_colors_info=&#8220;{}&#8220;][et_pb_row column_structure=&#8220;3_5,2_5&#8243; admin_label=&#8220;row&#8220; _builder_version=&#8220;4.16&#8243; background_size=&#8220;initial&#8220; background_position=&#8220;top_left&#8220; background_repeat=&#8220;repeat&#8220; global_colors_info=&#8220;{}&#8220;][et_pb_column type=&#8220;3_5&#8243; _builder_version=&#8220;4.16&#8243; custom_padding=&#8220;|||&#8220; global_colors_info=&#8220;{}&#8220; custom_padding__hover=&#8220;|||&#8220;][et_pb_text admin_label=&#8220;Text&#8220; _builder_version=&#8220;4.16&#8243; background_size=&#8220;initial&#8220; background_position=&#8220;top_left&#8220; background_repeat=&#8220;repeat&#8220; global_colors_info=&#8220;{}&#8220;]<\/p>\n<p>Wir unterst\u00fctzen<\/p>\n<ul class=\"list\">\n<li>Herkunftsfamilien bei Trennungen und bei R\u00fcckf\u00fchrungen von Kindern<\/li>\n<li>Adoptivfamilien bei der Annahme des Kindes<\/li>\n<li>(Bereitschafts-) Pflegefamilien bei der Integration und Abl\u00f6sung von Pflegekindern<\/li>\n<\/ul>\n<p>Hintergrund ist die systemische, integrative Haltung, die alle f\u00fcr die Kinder bedeutsamen Beteiligten\u00a0 als gleichberechtigt w\u00fcrdigt. Somit werden alle im System vorhandenen Ressourcen ausgesch\u00f6pft.<\/p>\n<p>[\/et_pb_text][\/et_pb_column][et_pb_column type=&#8220;2_5&#8243; _builder_version=&#8220;4.16&#8243; custom_padding=&#8220;|||&#8220; global_colors_info=&#8220;{}&#8220; custom_padding__hover=&#8220;|||&#8220;][et_pb_text _builder_version=&#8220;4.18.0&#8243; _module_preset=&#8220;default&#8220; global_colors_info=&#8220;{}&#8220;]<\/p>\n<h1 style=\"text-align: right;\">Familientherapie im Rahmen von Pflege und Adoption<\/h1>\n<p>[\/et_pb_text][et_pb_image src=&#8220;http:\/\/n-f-b.net\/cms\/wp-content\/uploads\/2014\/10\/Fotolia_16967228_Monthly_L_ret.jpg&#8220; title_text=&#8220;Family Window&#8220; _builder_version=&#8220;4.16&#8243; _module_preset=&#8220;default&#8220; width=&#8220;auto&#8220; custom_margin=&#8220;||0px||false|false&#8220; locked=&#8220;off&#8220; global_colors_info=&#8220;{}&#8220;][\/et_pb_image][et_pb_blurb title=&#8220;Die Struktur der Familie organisiert sich neu&#8220; use_icon=&#8220;on&#8220; font_icon=&#8220;&#xe610;||divi||400&#8243; icon_color=&#8220;#ffffff&#8220; icon_placement=&#8220;left&#8220; _builder_version=&#8220;4.16&#8243; _module_preset=&#8220;default&#8220; header_text_color=&#8220;#ffffff&#8220; background_color=&#8220;#134ca8&#8243; custom_margin=&#8220;0px||||false|false&#8220; custom_padding=&#8220;8px|8px|8px|8px|true|true&#8220; box_shadow_style=&#8220;preset3&#8243; locked=&#8220;off&#8220; global_colors_info=&#8220;{}&#8220;][\/et_pb_blurb][\/et_pb_column][\/et_pb_row][\/et_pb_section]<\/p>\n","protected":false},"excerpt":{"rendered":"<p>Wir unterst\u00fctzen Herkunftsfamilien bei Trennungen und bei R\u00fcckf\u00fchrungen von Kindern Adoptivfamilien bei der Annahme des Kindes (Bereitschafts-) Pflegefamilien bei der Integration und Abl\u00f6sung von Pflegekindern Hintergrund ist die systemische, integrative Haltung, die alle f\u00fcr die Kinder bedeutsamen Beteiligten\u00a0 als gleichberechtigt w\u00fcrdigt. Somit werden alle im System vorhandenen Ressourcen ausgesch\u00f6pft.Familientherapie im Rahmen von Pflege und Adoption<\/p>\n","protected":false},"author":1,"featured_media":0,"parent":0,"menu_order":0,"comment_status":"closed","ping_status":"open","template":"","meta":{"_acf_changed":false,"_et_pb_use_builder":"on","_et_pb_old_content":"[vc_row][vc_column width=\"2\/3\"][vc_column_text]Wir unterst\u00fctzen:[\/vc_column_text][dt_vc_list style=\"1\" dividers=\"false\"]\r\n<ul>\r\n\t<li>Herkunftsfamilien bei Trennungen und bei R\u00fcckf\u00fchrungen von Kindern<\/li>\r\n\t<li>Adoptivfamilien bei der Annahme des Kindes<\/li>\r\n\t<li>(Bereitschafts-) Pflegefamilien bei der Integration und Abl\u00f6sung von Pflegekindern<\/li>\r\n<\/ul>\r\n[\/dt_vc_list][dt_gap height=\"10\"][vc_column_text]Hintergrund ist die systemische, integrative Haltung, die alle f\u00fcr die Kinder bedeutsamen Beteiligten\u00a0 als gleichberechtigt w\u00fcrdigt. Somit werden alle im System vorhandenen Ressourcen ausgesch\u00f6pft.[\/vc_column_text][\/vc_column][vc_column width=\"1\/3\"][vc_column_text css=\".vc_custom_1418844674154{border-top-width: 1px !important;border-right-width: 1px !important;border-bottom-width: 1px !important;border-left-width: 1px !important;padding-top: 4px !important;padding-right: 4px !important;padding-bottom: 4px !important;padding-left: 4px !important;background-color: #59d600 !important;background-position: center !important;background-repeat: no-repeat !important;background-size: cover !important;}\" css_animation=\"appear\"]<span style=\"color: #ffffff;\"> Die Struktur der Familie organisiert sich neu<\/span>[\/vc_column_text][dt_gap height=\"10\"][vc_single_image border_color=\"grey\" img_link_target=\"_self\" image=\"93\" css_animation=\"appear\" img_size=\"full\" style=\"vc_box_rounded\"][\/vc_column][\/vc_row][vc_row][vc_column width=\"1\/2\"][\/vc_column][vc_column width=\"1\/2\"][\/vc_column][\/vc_row]","_et_gb_content_width":"","inline_featured_image":false,"footnotes":""},"dipi_cpt_category":[],"class_list":["post-12","page","type-page","status-publish","hentry"],"acf":[],"_links":{"self":[{"href":"https:\/\/n-f-b.net\/cms\/wp-json\/wp\/v2\/pages\/12","targetHints":{"allow":["GET"]}}],"collection":[{"href":"https:\/\/n-f-b.net\/cms\/wp-json\/wp\/v2\/pages"}],"about":[{"href":"https:\/\/n-f-b.net\/cms\/wp-json\/wp\/v2\/types\/page"}],"author":[{"embeddable":true,"href":"https:\/\/n-f-b.net\/cms\/wp-json\/wp\/v2\/users\/1"}],"replies":[{"embeddable":true,"href":"https:\/\/n-f-b.net\/cms\/wp-json\/wp\/v2\/comments?post=12"}],"version-history":[{"count":36,"href":"https:\/\/n-f-b.net\/cms\/wp-json\/wp\/v2\/pages\/12\/revisions"}],"predecessor-version":[{"id":1339,"href":"https:\/\/n-f-b.net\/cms\/wp-json\/wp\/v2\/pages\/12\/revisions\/1339"}],"wp:attachment":[{"href":"https:\/\/n-f-b.net\/cms\/wp-json\/wp\/v2\/media?parent=12"}],"wp:term":[{"taxonomy":"dipi_cpt_category","embeddable":true,"href":"https:\/\/n-f-b.net\/cms\/wp-json\/wp\/v2\/dipi_cpt_category?post=12"}],"curies":[{"name":"wp","href":"https:\/\/api.w.org\/{rel}","templated":true}]}}

<p>[et_pb_section fb_built=&#8220;1&#8243; admin_label=&#8220;section&#8220; _builder_version=&#8220;4.16&#8243; global_colors_info=&#8220;{}&#8220;][et_pb_row column_structure=&#8220;3_5,2_5&#8243; admin_label=&#8220;row&#8220; _builder_version=&#8220;4.16&#8243; background_size=&#8220;initial&#8220; background_position=&#8220;top_left&#8220; background_repeat=&#8220;repeat&#8220; global_colors_info=&#8220;{}&#8220;][et_pb_column type=&#8220;3_5&#8243; _builder_version=&#8220;4.16&#8243; custom_padding=&#8220;|||&#8220; global_colors_info=&#8220;{}&#8220; custom_padding__hover=&#8220;|||&#8220;][et_pb_text admin_label=&#8220;Text&#8220; _builder_version=&#8220;4.16&#8243; background_size=&#8220;initial&#8220; background_position=&#8220;top_left&#8220; background_repeat=&#8220;repeat&#8220; global_colors_info=&#8220;{}&#8220;]</p>
<p>Wir unterstützen</p>
<ul class="list">
<li>Herkunftsfamilien bei Trennungen und bei Rückführungen von Kindern</li>
<li>Adoptivfamilien bei der Annahme des Kindes</li>
<li>(Bereitschafts-) Pflegefamilien bei der Integration und Ablösung von Pflegekindern</li>
</ul>
<p>Hintergrund ist die systemische, integrative Haltung, die alle für die Kinder bedeutsamen Beteiligten  als gleichberechtigt würdigt. Somit werden alle im System vorhandenen Ressourcen ausgeschöpft.</p>
<p>[/et_pb_text][/et_pb_column][et_pb_column type=&#8220;2_5&#8243; _builder_version=&#8220;4.16&#8243; custom_padding=&#8220;|||&#8220; global_colors_info=&#8220;{}&#8220; custom_padding__hover=&#8220;|||&#8220;][et_pb_text _builder_version=&#8220;4.18.0&#8243; _module_preset=&#8220;default&#8220; global_colors_info=&#8220;{}&#8220;]</p>
<h1 style="text-align: right;">Familientherapie im Rahmen von Pflege und Adoption</h1>
<p>[/et_pb_text][et_pb_image src=&#8220;http://n-f-b.net/cms/wp-content/uploads/2014/10/Fotolia_16967228_Monthly_L_ret.jpg&#8220; title_text=&#8220;Family Window&#8220; _builder_version=&#8220;4.16&#8243; _module_preset=&#8220;default&#8220; width=&#8220;auto&#8220; custom_margin=&#8220;||0px||false|false&#8220; locked=&#8220;off&#8220; global_colors_info=&#8220;{}&#8220;][/et_pb_image][et_pb_blurb title=&#8220;Die Struktur der Familie organisiert sich neu&#8220; use_icon=&#8220;on&#8220; font_icon=&#8220;&#xe610;||divi||400&#8243; icon_color=&#8220;#ffffff&#8220; icon_placement=&#8220;left&#8220; _builder_version=&#8220;4.16&#8243; _module_preset=&#8220;default&#8220; header_text_color=&#8220;#ffffff&#8220; background_color=&#8220;#134ca8&#8243; custom_margin=&#8220;0px||||false|false&#8220; custom_padding=&#8220;8px|8px|8px|8px|true|true&#8220; box_shadow_style=&#8220;preset3&#8243; locked=&#8220;off&#8220; global_colors_info=&#8220;{}&#8220;][/et_pb_blurb][/et_pb_column][/et_pb_row][/et_pb_section]</p>

<p>Wir unterstützen Herkunftsfamilien bei Trennungen und bei Rückführungen von Kindern Adoptivfamilien bei der Annahme des Kindes (Bereitschafts-) Pflegefamilien bei der Integration und Ablösung von Pflegekindern Hintergrund ist die systemische, integrative Haltung, die alle für die Kinder bedeutsamen Beteiligten  als gleichberechtigt würdigt. Somit werden alle im System vorhandenen Ressourcen ausgeschöpft.Familientherapie im Rahmen von Pflege und Adoption</p>

[vc_row][vc_column width="2/3"][vc_column_text]Wir unterstützen:[/vc_column_text][dt_vc_list style="1" dividers="false"]
<ul>
	<li>Herkunftsfamilien bei Trennungen und bei Rückführungen von Kindern</li>
	<li>Adoptivfamilien bei der Annahme des Kindes</li>
	<li>(Bereitschafts-) Pflegefamilien bei der Integration und Ablösung von Pflegekindern</li>
</ul>
[/dt_vc_list][dt_gap height="10"][vc_column_text]Hintergrund ist die systemische, integrative Haltung, die alle für die Kinder bedeutsamen Beteiligten  als gleichberechtigt würdigt. Somit werden alle im System vorhandenen Ressourcen ausgeschöpft.[/vc_column_text][/vc_column][vc_column width="1/3"][vc_column_text css=".vc_custom_1418844674154{border-top-width: 1px !important;border-right-width: 1px !important;border-bottom-width: 1px !important;border-left-width: 1px !important;padding-top: 4px !important;padding-right: 4px !important;padding-bottom: 4px !important;padding-left: 4px !important;background-color: #59d600 !important;background-position: center !important;background-repeat: no-repeat !important;background-size: cover !important;}" css_animation="appear"]<span style="color: #ffffff;"> Die Struktur der Familie organisiert sich neu</span>[/vc_column_text][dt_gap height="10"][vc_single_image border_color="grey" img_link_target="_self" image="93" css_animation="appear" img_size="full" style="vc_box_rounded"][/vc_column][/vc_row][vc_row][vc_column width="1/2"][/vc_column][vc_column width="1/2"][/vc_column][/vc_row]
