{"id":1239,"date":"2022-09-07T14:36:30","date_gmt":"2022-09-07T12:36:30","guid":{"rendered":"https:\/\/n-f-b.net\/cms\/?post_type=project&#038;p=1239"},"modified":"2023-06-16T13:34:24","modified_gmt":"2023-06-16T11:34:24","slug":"bernd-brass","status":"publish","type":"project","link":"https:\/\/n-f-b.net\/cms\/profil\/bernd-brass\/","title":{"rendered":"Bernd Brass"},"content":{"rendered":"<p>[et_pb_section fb_built=&#8220;1&#8243; _builder_version=&#8220;4.18.0&#8243; _module_preset=&#8220;default&#8220; custom_padding=&#8220;|20px||20px|false|false&#8220; global_colors_info=&#8220;{}&#8220;][et_pb_row column_structure=&#8220;1_2,1_2&#8243; _builder_version=&#8220;4.18.0&#8243; _module_preset=&#8220;default&#8220; width=&#8220;100%&#8220; custom_padding=&#8220;4px|||||&#8220; collapsed=&#8220;off&#8220; global_colors_info=&#8220;{}&#8220;][et_pb_column type=&#8220;1_2&#8243; _builder_version=&#8220;4.16&#8243; _module_preset=&#8220;default&#8220; global_colors_info=&#8220;{}&#8220;][et_pb_text _builder_version=&#8220;4.18.0&#8243; _module_preset=&#8220;default&#8220; global_colors_info=&#8220;{}&#8220;]<\/p>\n<h2>Qualifikationen<\/h2>\n<ul class=\"list\">\n<li>Dipl. Sozialarbeiter<\/li>\n<li>Kinder- u. Jugendl.-Psychotherapeut (approbiert)<\/li>\n<li>Systemischer Familientherapeut (SG)<\/li>\n<li>Supervisor (SG)<\/li>\n<li>Familien- und Systemaufsteller (DGfS)<\/li>\n<li>Systemischer Traumatherapeut<\/li>\n<li>Lehrtherapeut f\u00fcr systemsiche Therapie und Beratung (SG)<\/li>\n<li>Lehrender Supervisor<\/li>\n<\/ul>\n<h2>Informationen<\/h2>\n<ul class=\"list\">\n<li>Ich habe 12 Jahre als Bezirkssozialarbeiter in einem Jugendamt gearbeitet. W\u00e4hrend dieser Zeit habe ich mich zum systemischen Familientherapeuten ausbilden lassen. Im Jahr 1997 gr\u00fcndete ich mit Kolleginnen zusammen das Netzwerk f\u00fcr Familientherapie und Beratung.<\/li>\n<li>Nach 2 Jahren T\u00e4tigkeit als Fachbereichsleiter bei einem Tr\u00e4ger flexibler erzieherischer Hilfen, habe ich mich seit 2001 mit dem Konzept aufsuchender Familientherapie, wie es vom Netzwerk f\u00fcr Familientherapie und Beratung durchgef\u00fchrt wird, selbstst\u00e4ndig gemacht.<\/li>\n<li>Im Jahre 2005 die Gr\u00fcndung des \u201eZentrums f\u00fcr Familientherapie, systemische Beratung, Supervision, Aus- und Fortbildung\u201c, Neuss<\/li>\n<li>Im Jahre 2009 Gr\u00fcndung von libra, Institut f\u00fcr Systemisches Arbeiten in Neuss<\/li>\n<li>Seit 2010 Mitglied im Lehrtherapeutenteam des Institut f\u00fcr Familientherapie, Systemische Supervision und Organisationsentwicklung, Essen<\/li>\n<li>Dozent an der Hochschule f\u00fcr Oekonomie und Management (FOM) seit 2013<\/li>\n<\/ul>\n<p>[\/et_pb_text][\/et_pb_column][et_pb_column type=&#8220;1_2&#8243; _builder_version=&#8220;4.16&#8243; _module_preset=&#8220;default&#8220; global_colors_info=&#8220;{}&#8220;][et_pb_text admin_label=&#8220;Ausbildung &#038; Fortbildung&#8220; _builder_version=&#8220;4.18.0&#8243; _module_preset=&#8220;default&#8220; global_colors_info=&#8220;{}&#8220;]<\/p>\n<h2>Ausbildung und Fortbildung<\/h2>\n<ul class=\"list\">\n<li>Ausbildung in systemischer Familientherapie beim Institut f\u00fcr Familientherapie e. V. , Weinheim<\/li>\n<li>Ausbildung in systemischer Supervision beim Helm Stierlin Institut, Heidelberg<\/li>\n<li>Intensivtraining in l\u00f6sungsorientierter Kurzzeittherapie bei Steve de Shazer<\/li>\n<li>Ausbildung und Fortbildung in Familien- und Organisationsaufstellungen am Institut f\u00fcr systemische L\u00f6sungen, Wiesloch bei Dr. Gunthard Weber, und am Milton-Erickson-Institut, K\u00f6ln bei Heinrich Breuer, Worshops bei Prof. Matthias Varga von Kibed und Bert Hellinger<\/li>\n<li>Studium \u201eSystemisches Managment\u201c, Technische Universit\u00e4t Kaiserslautern<\/li>\n<li>Trainer f\u00fcr Erwachsenenbildung, P\u00e4dagogische Hochschule Heidelberg<\/li>\n<li>Systemische Traumatherapie am ifs Essen<\/li>\n<\/ul>\n<h2>Schwerpunkte in Therapie und Beratung<\/h2>\n<ul class=\"list\">\n<li>Familientherapie, Paartherapie<\/li>\n<li>Einzeltherapie<\/li>\n<li>L\u00f6sungsorientierte (Kurzzeit-) Therapie<\/li>\n<li>Gruppentherapie mit Jugendlichen<\/li>\n<li>Gruppentherapie mit Kindern<\/li>\n<li>Familienaufstellungen (Seminare und Einzelaufstellungen)<\/li>\n<li>Supervision und Coaching f\u00fcr Gruppen und Einzelne<\/li>\n<li>Konsultationen von Hilfesystemen (Live-Supervisionen)<\/li>\n<li>Fortbildung zu systemischen Denkweisen und Handlungsstrategien in unterschiedlichen Feldern der Jugendhilfe und Sozialarbeit<\/li>\n<li>Netzwerkarbeit und -organisation in Jugendhilfe und Sozialarbeit als Prozessbegleitung<\/li>\n<li>Projekte zur Pr\u00e4vention durch Vernetzung von Schule und Jugendhilfe, \u201eZwischen PISA und Erfurt\u201c<\/li>\n<li>Systemisches Managment, Training f\u00fcr Leitungskr\u00e4fte aus dem Non-Profit Bereich<\/li>\n<li>Systemisches Managment, Prozessbegleitung und Training f\u00fcr Leitungskr\u00e4fte in kleinen und mittelst\u00e4ndischen Betrieben und Familienbetrieben<\/li>\n<li>Pilotprojekt \u201eFamilienzentrum NRW\u201c 2006 \u2013 2007, Coaching, Organisationsentwicklungsprojekte und Fortbildungen f\u00fcr die Piloteinrichtungen der ersten Projektphase im Auftrag des Landes NRW und des Instituts f\u00fcr Soziale Arbeit ISA, M\u00fcnster<\/li>\n<\/ul>\n<p>[\/et_pb_text][\/et_pb_column][\/et_pb_row][\/et_pb_section]<\/p>\n","protected":false},"excerpt":{"rendered":"<p>Qualifikationen Dipl. Sozialarbeiter Kinder- u. Jugendl.-Psychotherapeut (approbiert) Systemischer Familientherapeut (SG) Supervisor (SG) Familien- und Systemaufsteller (DGfS) Systemischer Traumatherapeut Lehrtherapeut f\u00fcr systemsiche Therapie und Beratung (SG) Lehrender Supervisor Informationen Ich habe 12 Jahre als Bezirkssozialarbeiter in einem Jugendamt gearbeitet. W\u00e4hrend dieser Zeit habe ich mich zum systemischen Familientherapeuten ausbilden lassen. Im Jahr 1997 gr\u00fcndete ich mit [&hellip;]<\/p>\n","protected":false},"author":1,"featured_media":265,"comment_status":"open","ping_status":"closed","template":"","meta":{"_acf_changed":false,"_et_pb_use_builder":"on","_et_pb_old_content":"<p>[et_pb_section fb_built=\"1\" _builder_version=\"4.5.2\" _module_preset=\"default\"][et_pb_row column_structure=\"1_2,1_2\" _builder_version=\"4.5.2\" _module_preset=\"default\" hover_enabled=\"0\"][et_pb_column type=\"1_2\" _builder_version=\"4.5.2\" _module_preset=\"default\"][et_pb_image src=\"http:\/\/n-f-b.net\/cms\/wp-content\/uploads\/2014\/08\/Susanne-Becker.jpg\" title_text=\"Susanne Becker\" _builder_version=\"4.5.2\" _module_preset=\"default\" hover_enabled=\"0\"][\/et_pb_image][\/et_pb_column][et_pb_column type=\"1_2\" _builder_version=\"4.5.2\" _module_preset=\"default\" hover_enabled=\"0\" border_width_left=\"5px\" border_color_left=\"#134ca8\" custom_padding=\"20px|||40px|false|false\" background_color=\"#f7f7f7\"][et_pb_text _builder_version=\"4.5.2\" _module_preset=\"default\"]<\/p><h1 align=\"left\">Susanne Becker<\/h1><p align=\"left\">Bonifatiusweg 7<br \/>52078 Aachen<\/p><p>[\/et_pb_text][et_pb_blurb title=\"0241- 154652\" image=\"http:\/\/n-f-b.net\/cms\/wp-content\/uploads\/2022\/08\/phone_in_talk.svg\" icon_placement=\"left\" content_max_width=\"100%\" _builder_version=\"4.5.2\" _module_preset=\"default\" header_line_height=\"1.8em\" custom_margin=\"||0px||false|false\"][\/et_pb_blurb][et_pb_blurb title=\"0151 - 22813723\" image=\"http:\/\/n-f-b.net\/cms\/wp-content\/uploads\/2022\/08\/phonelink_ring.svg\" icon_placement=\"left\" content_max_width=\"100%\" _builder_version=\"4.5.2\" _module_preset=\"default\" header_line_height=\"1.8em\" custom_margin=\"||0px||false|false\"][\/et_pb_blurb][et_pb_blurb title=\"susanne.becker%91at%93n-f-b.net\" url=\"mailto:susanne.becker@n-f-b.net\" image=\"http:\/\/n-f-b.net\/cms\/wp-content\/uploads\/2022\/08\/send.svg\" icon_placement=\"left\" content_max_width=\"100%\" _builder_version=\"4.5.2\" _module_preset=\"default\" header_line_height=\"1.8em\"][\/et_pb_blurb][\/et_pb_column][\/et_pb_row][et_pb_row column_structure=\"1_2,1_2\" _builder_version=\"4.5.2\" _module_preset=\"default\" custom_padding=\"4px|||||\"][et_pb_column type=\"1_2\" _builder_version=\"4.5.2\" _module_preset=\"default\"][et_pb_text _builder_version=\"4.5.2\" _module_preset=\"default\"]<\/p><div class=\"standard-arrow bullet-top\"><h2>Qualifikationen<\/h2><ul class=\"list\"><li>Diplom Sozialp\u00e4dagogin, Katholische Fachhochschule NRW, Aachen<\/li><li>1991-1995 Berufsbegleitende Weiterbildung als systemische Familientherapeutin; Institut f\u00fcr Familientherapie e.V. Weinheim<\/li><li>1988-1989 Anstellung in der Caritas Suchtberatung Aachen<\/li><li>1989-1991 2-j\u00e4hrige T\u00e4tigkeit in einer Caritas Behindertenwerkstatt im sozialen Dienst, Beratung und Betreuung von k\u00f6rper- und geistig behinderten Menschen und deren Angeh\u00f6rigen<\/li><li>1991-2012 in der Caritas Suchtberatungsstelle H\u00fcckelhoven, Begleitung, Beratung und ambulante Rehabilitation f\u00fcr Abh\u00e4ngige sowie deren Angeh\u00f6rigen<\/li><li>mehrj\u00e4hrige ehrenamtliche Telefonberatungst\u00e4tigkeit in der Aids-Hilfe Aachen<\/li><li>mehrj\u00e4hrige nebenberufliche T\u00e4tigkeit im Netzwerk aufsuchende Familientherapie (N-F-B) 2001-heute<\/li><li>2012\/13 Ausbildung zur systemischen Traumatherapeutin beim IFS Essen<\/li><li>2012- heute T\u00e4tigkeit im Gesundheitsamt (Sozialpsychiatrischer Dienst) des Kreises D\u00fcren; Suchtberatung und Beratung von psychisch Kranke<\/li><\/ul><p>\u00a0<\/p><\/div><p>[\/et_pb_text][\/et_pb_column][et_pb_column type=\"1_2\" _builder_version=\"4.5.2\" _module_preset=\"default\"][et_pb_text _builder_version=\"4.5.2\" _module_preset=\"default\"]<\/p><div class=\"dt-fancy-separator title-left h4-size style-disabled\"><h2 class=\"dt-fancy-title\">Angebote<\/h2><\/div><div class=\"standard-arrow bullet-top\"><ul class=\"list\"><li>Familientherapie<\/li><li>Paartherapie<\/li><li>Einzeltherapie<\/li><li>Fallsupervision<\/li><li>systemische Traumatherapie<\/li><li>Eltern\/-Erziehungsberatung<\/li><\/ul><\/div><p>[\/et_pb_text][\/et_pb_column][\/et_pb_row][\/et_pb_section]<\/p>","_et_gb_content_width":"","inline_featured_image":false,"footnotes":""},"project_category":[],"project_tag":[],"class_list":["post-1239","project","type-project","status-publish","has-post-thumbnail","hentry"],"acf":[],"_links":{"self":[{"href":"https:\/\/n-f-b.net\/cms\/wp-json\/wp\/v2\/project\/1239","targetHints":{"allow":["GET"]}}],"collection":[{"href":"https:\/\/n-f-b.net\/cms\/wp-json\/wp\/v2\/project"}],"about":[{"href":"https:\/\/n-f-b.net\/cms\/wp-json\/wp\/v2\/types\/project"}],"author":[{"embeddable":true,"href":"https:\/\/n-f-b.net\/cms\/wp-json\/wp\/v2\/users\/1"}],"replies":[{"embeddable":true,"href":"https:\/\/n-f-b.net\/cms\/wp-json\/wp\/v2\/comments?post=1239"}],"version-history":[{"count":17,"href":"https:\/\/n-f-b.net\/cms\/wp-json\/wp\/v2\/project\/1239\/revisions"}],"predecessor-version":[{"id":1806,"href":"https:\/\/n-f-b.net\/cms\/wp-json\/wp\/v2\/project\/1239\/revisions\/1806"}],"wp:featuredmedia":[{"embeddable":true,"href":"https:\/\/n-f-b.net\/cms\/wp-json\/wp\/v2\/media\/265"}],"wp:attachment":[{"href":"https:\/\/n-f-b.net\/cms\/wp-json\/wp\/v2\/media?parent=1239"}],"wp:term":[{"taxonomy":"project_category","embeddable":true,"href":"https:\/\/n-f-b.net\/cms\/wp-json\/wp\/v2\/project_category?post=1239"},{"taxonomy":"project_tag","embeddable":true,"href":"https:\/\/n-f-b.net\/cms\/wp-json\/wp\/v2\/project_tag?post=1239"}],"curies":[{"name":"wp","href":"https:\/\/api.w.org\/{rel}","templated":true}]}}

<p>[et_pb_section fb_built=&#8220;1&#8243; _builder_version=&#8220;4.18.0&#8243; _module_preset=&#8220;default&#8220; custom_padding=&#8220;|20px||20px|false|false&#8220; global_colors_info=&#8220;{}&#8220;][et_pb_row column_structure=&#8220;1_2,1_2&#8243; _builder_version=&#8220;4.18.0&#8243; _module_preset=&#8220;default&#8220; width=&#8220;100%&#8220; custom_padding=&#8220;4px|||||&#8220; collapsed=&#8220;off&#8220; global_colors_info=&#8220;{}&#8220;][et_pb_column type=&#8220;1_2&#8243; _builder_version=&#8220;4.16&#8243; _module_preset=&#8220;default&#8220; global_colors_info=&#8220;{}&#8220;][et_pb_text _builder_version=&#8220;4.18.0&#8243; _module_preset=&#8220;default&#8220; global_colors_info=&#8220;{}&#8220;]</p>
<h2>Qualifikationen</h2>
<ul class="list">
<li>Dipl. Sozialarbeiter</li>
<li>Kinder- u. Jugendl.-Psychotherapeut (approbiert)</li>
<li>Systemischer Familientherapeut (SG)</li>
<li>Supervisor (SG)</li>
<li>Familien- und Systemaufsteller (DGfS)</li>
<li>Systemischer Traumatherapeut</li>
<li>Lehrtherapeut für systemsiche Therapie und Beratung (SG)</li>
<li>Lehrender Supervisor</li>
</ul>
<h2>Informationen</h2>
<ul class="list">
<li>Ich habe 12 Jahre als Bezirkssozialarbeiter in einem Jugendamt gearbeitet. Während dieser Zeit habe ich mich zum systemischen Familientherapeuten ausbilden lassen. Im Jahr 1997 gründete ich mit Kolleginnen zusammen das Netzwerk für Familientherapie und Beratung.</li>
<li>Nach 2 Jahren Tätigkeit als Fachbereichsleiter bei einem Träger flexibler erzieherischer Hilfen, habe ich mich seit 2001 mit dem Konzept aufsuchender Familientherapie, wie es vom Netzwerk für Familientherapie und Beratung durchgeführt wird, selbstständig gemacht.</li>
<li>Im Jahre 2005 die Gründung des „Zentrums für Familientherapie, systemische Beratung, Supervision, Aus- und Fortbildung“, Neuss</li>
<li>Im Jahre 2009 Gründung von libra, Institut für Systemisches Arbeiten in Neuss</li>
<li>Seit 2010 Mitglied im Lehrtherapeutenteam des Institut für Familientherapie, Systemische Supervision und Organisationsentwicklung, Essen</li>
<li>Dozent an der Hochschule für Oekonomie und Management (FOM) seit 2013</li>
</ul>
<p>[/et_pb_text][/et_pb_column][et_pb_column type=&#8220;1_2&#8243; _builder_version=&#8220;4.16&#8243; _module_preset=&#8220;default&#8220; global_colors_info=&#8220;{}&#8220;][et_pb_text admin_label=&#8220;Ausbildung &#038; Fortbildung&#8220; _builder_version=&#8220;4.18.0&#8243; _module_preset=&#8220;default&#8220; global_colors_info=&#8220;{}&#8220;]</p>
<h2>Ausbildung und Fortbildung</h2>
<ul class="list">
<li>Ausbildung in systemischer Familientherapie beim Institut für Familientherapie e. V. , Weinheim</li>
<li>Ausbildung in systemischer Supervision beim Helm Stierlin Institut, Heidelberg</li>
<li>Intensivtraining in lösungsorientierter Kurzzeittherapie bei Steve de Shazer</li>
<li>Ausbildung und Fortbildung in Familien- und Organisationsaufstellungen am Institut für systemische Lösungen, Wiesloch bei Dr. Gunthard Weber, und am Milton-Erickson-Institut, Köln bei Heinrich Breuer, Worshops bei Prof. Matthias Varga von Kibed und Bert Hellinger</li>
<li>Studium „Systemisches Managment“, Technische Universität Kaiserslautern</li>
<li>Trainer für Erwachsenenbildung, Pädagogische Hochschule Heidelberg</li>
<li>Systemische Traumatherapie am ifs Essen</li>
</ul>
<h2>Schwerpunkte in Therapie und Beratung</h2>
<ul class="list">
<li>Familientherapie, Paartherapie</li>
<li>Einzeltherapie</li>
<li>Lösungsorientierte (Kurzzeit-) Therapie</li>
<li>Gruppentherapie mit Jugendlichen</li>
<li>Gruppentherapie mit Kindern</li>
<li>Familienaufstellungen (Seminare und Einzelaufstellungen)</li>
<li>Supervision und Coaching für Gruppen und Einzelne</li>
<li>Konsultationen von Hilfesystemen (Live-Supervisionen)</li>
<li>Fortbildung zu systemischen Denkweisen und Handlungsstrategien in unterschiedlichen Feldern der Jugendhilfe und Sozialarbeit</li>
<li>Netzwerkarbeit und -organisation in Jugendhilfe und Sozialarbeit als Prozessbegleitung</li>
<li>Projekte zur Prävention durch Vernetzung von Schule und Jugendhilfe, „Zwischen PISA und Erfurt“</li>
<li>Systemisches Managment, Training für Leitungskräfte aus dem Non-Profit Bereich</li>
<li>Systemisches Managment, Prozessbegleitung und Training für Leitungskräfte in kleinen und mittelständischen Betrieben und Familienbetrieben</li>
<li>Pilotprojekt „Familienzentrum NRW“ 2006 – 2007, Coaching, Organisationsentwicklungsprojekte und Fortbildungen für die Piloteinrichtungen der ersten Projektphase im Auftrag des Landes NRW und des Instituts für Soziale Arbeit ISA, Münster</li>
</ul>
<p>[/et_pb_text][/et_pb_column][/et_pb_row][/et_pb_section]</p>

<p>Qualifikationen Dipl. Sozialarbeiter Kinder- u. Jugendl.-Psychotherapeut (approbiert) Systemischer Familientherapeut (SG) Supervisor (SG) Familien- und Systemaufsteller (DGfS) Systemischer Traumatherapeut Lehrtherapeut für systemsiche Therapie und Beratung (SG) Lehrender Supervisor Informationen Ich habe 12 Jahre als Bezirkssozialarbeiter in einem Jugendamt gearbeitet. Während dieser Zeit habe ich mich zum systemischen Familientherapeuten ausbilden lassen. Im Jahr 1997 gründete ich mit [&hellip;]</p>

<p>[et_pb_section fb_built="1" _builder_version="4.5.2" _module_preset="default"][et_pb_row column_structure="1_2,1_2" _builder_version="4.5.2" _module_preset="default" hover_enabled="0"][et_pb_column type="1_2" _builder_version="4.5.2" _module_preset="default"][et_pb_image src="http://n-f-b.net/cms/wp-content/uploads/2014/08/Susanne-Becker.jpg" title_text="Susanne Becker" _builder_version="4.5.2" _module_preset="default" hover_enabled="0"][/et_pb_image][/et_pb_column][et_pb_column type="1_2" _builder_version="4.5.2" _module_preset="default" hover_enabled="0" border_width_left="5px" border_color_left="#134ca8" custom_padding="20px|||40px|false|false" background_color="#f7f7f7"][et_pb_text _builder_version="4.5.2" _module_preset="default"]</p><h1 align="left">Susanne Becker</h1><p align="left">Bonifatiusweg 7<br />52078 Aachen</p><p>[/et_pb_text][et_pb_blurb title="0241- 154652" image="http://n-f-b.net/cms/wp-content/uploads/2022/08/phone_in_talk.svg" icon_placement="left" content_max_width="100%" _builder_version="4.5.2" _module_preset="default" header_line_height="1.8em" custom_margin="||0px||false|false"][/et_pb_blurb][et_pb_blurb title="0151 - 22813723" image="http://n-f-b.net/cms/wp-content/uploads/2022/08/phonelink_ring.svg" icon_placement="left" content_max_width="100%" _builder_version="4.5.2" _module_preset="default" header_line_height="1.8em" custom_margin="||0px||false|false"][/et_pb_blurb][et_pb_blurb title="susanne.becker%91at%93n-f-b.net" url="mailto:susanne.becker@n-f-b.net" image="http://n-f-b.net/cms/wp-content/uploads/2022/08/send.svg" icon_placement="left" content_max_width="100%" _builder_version="4.5.2" _module_preset="default" header_line_height="1.8em"][/et_pb_blurb][/et_pb_column][/et_pb_row][et_pb_row column_structure="1_2,1_2" _builder_version="4.5.2" _module_preset="default" custom_padding="4px|||||"][et_pb_column type="1_2" _builder_version="4.5.2" _module_preset="default"][et_pb_text _builder_version="4.5.2" _module_preset="default"]</p><div class="standard-arrow bullet-top"><h2>Qualifikationen</h2><ul class="list"><li>Diplom Sozialpädagogin, Katholische Fachhochschule NRW, Aachen</li><li>1991-1995 Berufsbegleitende Weiterbildung als systemische Familientherapeutin; Institut für Familientherapie e.V. Weinheim</li><li>1988-1989 Anstellung in der Caritas Suchtberatung Aachen</li><li>1989-1991 2-jährige Tätigkeit in einer Caritas Behindertenwerkstatt im sozialen Dienst, Beratung und Betreuung von körper- und geistig behinderten Menschen und deren Angehörigen</li><li>1991-2012 in der Caritas Suchtberatungsstelle Hückelhoven, Begleitung, Beratung und ambulante Rehabilitation für Abhängige sowie deren Angehörigen</li><li>mehrjährige ehrenamtliche Telefonberatungstätigkeit in der Aids-Hilfe Aachen</li><li>mehrjährige nebenberufliche Tätigkeit im Netzwerk aufsuchende Familientherapie (N-F-B) 2001-heute</li><li>2012/13 Ausbildung zur systemischen Traumatherapeutin beim IFS Essen</li><li>2012- heute Tätigkeit im Gesundheitsamt (Sozialpsychiatrischer Dienst) des Kreises Düren; Suchtberatung und Beratung von psychisch Kranke</li></ul><p> </p></div><p>[/et_pb_text][/et_pb_column][et_pb_column type="1_2" _builder_version="4.5.2" _module_preset="default"][et_pb_text _builder_version="4.5.2" _module_preset="default"]</p><div class="dt-fancy-separator title-left h4-size style-disabled"><h2 class="dt-fancy-title">Angebote</h2></div><div class="standard-arrow bullet-top"><ul class="list"><li>Familientherapie</li><li>Paartherapie</li><li>Einzeltherapie</li><li>Fallsupervision</li><li>systemische Traumatherapie</li><li>Eltern/-Erziehungsberatung</li></ul></div><p>[/et_pb_text][/et_pb_column][/et_pb_row][/et_pb_section]</p>
